e hundreds digit of 9959040?
0
What is the hundreds digit of 8031900?
9
What is the thousands digit of 244874?
4
What is the units digit of 904997?
7
What is the hundreds digit of 224177?
1
What is the hundreds digit of 9334?
3
What is the millions digit of 10310157?
0
What is the units digit of 107721?
1
What is the thousands digit of 47290?
7
What is the units digit of 5055946?
6
What is the thousands digit of 6503401?
3
What is the thousands digit of 471391?
1
What is the hundreds digit of 5084099?
0
What is the units digit of 7943183?
3
What is the tens digit of 716849?
4
What is the units digit of 122233?
3
What is the thousands digit of 462527?
2
What is the millions digit of 9178246?
9
What is the millions digit of 3510998?
3
What is the millions digit of 5241697?
5
What is the units digit of 5389612?
2
What is the units digit of 44210?
0
What is the thousands digit of 30310097?
0
What is the hundred thousands digit of 1319829?
3
What is the hundreds digit of 136252?
2
What is the ten thousands digit of 18019629?
1
What is the hundreds digit of 2131504?
5
What is the hundred thousands digit of 960149?
9
What is the hundreds digit of 222827?
8
What is the hundreds digit of 268211?
2
What is the thousands digit of 14130185?
0
What is the tens digit of 4803010?
1
What is the units digit of 443008?
8
What is the millions digit of 2339340?
2
What is the units digit of 1139844?
4
What is the thousands digit of 724211?
4
What is the hundred thousands digit of 237526?
2
What is the tens digit of 548228?
2
What is the ten millions digit of 13573278?
1
What is the ten thousands digit of 19622?
1
What is the units digit of 152227?
7
What is the ten thousands digit of 510218?
1
What is the hundreds digit of 10926868?
8
What is the units digit of 161737?
7
What is the hundreds digit of 3231522?
5
What is the hundreds digit of 15866477?
4
What is the units digit of 607949?
9
What is the ten thousands digit of 3228756?
2
What is the millions digit of 5128655?
5
What is the hundreds digit of 584196?
1
What is the hundred thousands digit of 15746401?
7
What is the thousands digit of 1422730?
2
What is the tens digit of 181933?
3
What is the thousands digit of 2869695?
9
What is the hundreds digit of 11025320?
3
What is the thousands digit of 66238?
6
What is the tens digit of 121667?
6
What is the units digit of 2844414?
4
What is the tens digit of 2243352?
5
What is the thousands digit of 669239?
9
What is the ten thousands digit of 203485?
0
What is the tens digit of 459836?
3
What is the thousands digit of 29457?
9
What is the thousands digit of 172346?
2
What is the units digit of 385112?
2
What is the hundred thousands digit of 161358?
1
What is the units digit of 1125769?
9
What is the units digit of 960174?
4
What is the thousands digit of 627796?
7
What is the units digit of 39739989?
9
What is the ten thousands digit of 21514?
2
What is the units digit of 420022?
2
What is the thousands digit of 114027?
4
What is the thousands digit of 1491972?
1
What is the hundreds digit of 471503?
5
What is the hundred thousands digit of 9958434?
9
What is the ten thousands digit of 3398753?
9
What is the tens digit of 528148?
4
What is the millions digit of 8768443?
8
What is the tens digit of 125344?
4
What is the tens digit of 2103477?
7
What is the hundred thousands digit of 12729411?
7
What is the hundreds digit of 30019544?
5
What is the millions digit of 2173744?
2
What is the tens digit of 154516?
1
What is the ten thousands digit of 3289578?
8
What is the thousands digit of 47771?
7
What is the hundred thousands digit of 1310197?
3
What is the millions digit of 11655931?
1
What is the hundred thousands digit of 732095?
7
What is the ten thousands digit of 705130?
0
What is the thousands digit of 25582098?
2
What is the hundreds digit of 896511?
5
What is the millions digit of 9498849?
9
What is the hundred thousands digit of 195787?
1
What is the ten thousands digit of 386067?
8
What is the thousands digit of 833052?
3
What is the units digit of 1499638?
8
What is the hundreds digit of 80507?
5
What is the tens digit of 7801023?
2
What is the thousands digit of 729727?
9
What is the hundreds digit of 305562?
5
What is the hundred thousands digit of 15965817?
9
What is the thousands digit of 77618?
7
What is the hundreds digit of 4759875?
8
What is the thousands digit of 270106?
0
What is the thousands digit of 173356?
3
What is the ten thousands digit of 416003?
1
What is the ten thousands digit of 3095549?
9
What is the hundreds digit of 235046?
0
What is the hundred thousands digit of 7676825?
6
What is the ten thousands digit of 14614?
1
What is the thousands digit of 1494663?
4
What is the tens digit of 192915?
1
What is the units digit of 22046661?
1
What is the units digit of 7425877?
7
What is the ten thousands digit of 25892?
2
What is the hundred thousands digit of 315941?
3
What is the hundreds digit of 212267?
2
What is the hundred thousands digit of 21901558?
9
What is the ten millions digit of 20796724?
2
What is the hundred thousands digit of 32168797?
1
What is the hundred thousands digit of 26271033?
2
What is the units digit of 45950?
0
What is the units digit of 31686093?
3
What is the units digit of 3069878?
8
What is the thousands digit of 386717?
6
What is the units digit of 21244774?
4
What is the tens digit of 264681?
8
What is the thousands digit of 668669?
8
What is the tens digit of 65798?
9
What is the units digit of 354825?
5
What is the units digit of 185187?
7
What is the millions digit of 19541595?
9
What is the thousands digit of 19884?
9
What is the tens digit of 982344?
4
What is the thousands digit of 392929?
2
What is the hundred thousands digit of 791161?
7
What is the tens digit of 1536268?
6
What is the thousands digit of 16066005?
6
What is the ten millions digit of 13202200?
1
What is the hundred thousands digit of 605890?
6
What is the thousands digit of 2178010?
8
What is the tens digit of 9649792?
9
What is the millions digit of 1117069?
1
What is the units digit of 4285171?
1
What is the millions digit of 6242709?
6
What is the hundred thousands digit of 1503060?
5
What is the millions digit of 4652421?
4
What is the tens digit of 3984742?
4
What is the hundreds digit of 19514928?
9
What is the ten millions digit of 12757979?
1
What is the tens digit of 24102?
0
What is the hundred thousands digit of 3545219?
5
What is the ten thousands digit of 204227?
0
What is the thousands digit of 1357634?
7
What is the tens digit of 112330?
3
What is the hundred thousands digit of 9445139?
4
What is the tens digit of 6018852?
5
What is the hundreds digit of 367886?
8
What is the thousands digit of 955181?
5
What is the hundreds digit of 8632882?
8
What is the millions digit of 24586946?
4
What is the tens digit of 746614?
1
What is the units digit of 1644891?
1
What is the tens digit of 3991062?
6
What is the units digit of 2005493?
3
What is the units digit of 4538393?
3
What is the units digit of 1286292?
2
What is the hundreds digit of 7935196?
1
What is the thousands digit of 50271?
0
What is the ten thousands digit of 590151?
9
What is the tens digit of 67613?
1
What is the thousands digit of 3614433?
4
What is the ten thousands digit of 12136891?
3
What is the hundreds digit of 10111567?
5
What is the ten millions digit of 31599324?
3
What is the ten thousands digit of 1014725?
1
What is the thousands digit of 397920?
7
What is the tens digit of 442670?
7
What is the tens digit of 247419?
1
What is the hundreds digit of 1144290?
2
What is the thousands digit of 67110?
7
What is the hundred thousands digit of 214324?
2
What is the hundred thousands digit of 36733478?
7
What is the tens digit of 133464?
6
What is the hundreds digit of 2569849?
8
What is the units digit of 9628?
8
What is the hundred thousands digit of 452453?
4
What is the units digit of 2943739?
9
What is the ten thousands digit of 6519869?
1
What is the tens digit of 191258?
5
What is the units digit of 26014049?
9
What is the tens digit of 185422?
2
What is the thousands digit of 1135451?
5
What is the thousands digit of 534017?
4
What is the ten thousands digit of 2145422?
4
What is the hundred thousands digit of 17177923?
1
What is the